 -a = 2*f - 3. Let h(v) = 2*v + 98 - 2*v**f - v**3 - 5*v - 95 + 3*v**3. Let o = 3 - 1. What is h(o)?
5
Let w(z) = z**3 - 6*z**2 + 3*z + 3. Suppose 450*d - 268 = 383*d. Calculate w(d).
-17
Let h(f) = f - 4. Let c be -5 - 14*(-18)/12. Suppose -18*l = -20*l + c. What is h(l)?
4
Let s(d) = -2*d**3 + d**2 - 3*d - 18. Let m(i) = -i**2 - 56*i + 2697. Let y be m(-87). Give s(y).
-18
Let f(i) = -i + 1. Suppose -109 = -2*j - 25. Suppose -2*w + j*w = -80. Determine f(w).
3
Let m(g) = -6*g**2 - 24*g + 8. Let h(w) = 11*w**2 + 46*w - 19. Let c(r) = 5*h(r) + 9*m(r). Calculate c(-14).
-23
Let z(g) be the third derivative of 0*g - 21*g**2 - 7/6*g**3 - 3/8*g**4 - 1/60*g**5 + 0. Let a = -14 + 8. Determine z(a).
11
Let n = 285 + -283. Let w(l) = -4*l + 14*l**2 + l**3 - 7*l**2 - 8*l**2 - n*l**2 + 9. Calculate w(3).
-3
Let h(l) = l**2 - 7*l + 6. Let f = 369 - 249. Let n = f + -118. Suppose k + 4*p = -0*p - 8, -10 = -4*k - n*p. Give h(k).
-6
Let q be -1 + 88/14 + 16/(-56) - 12. Let g(s) = s**3 + 6*s**2 - 6*s + 3. Let z(v) = -2*v**3 - 12*v**2 + 11*v - 7. Let x(h) = -5*g(h) - 2*z(h). Determine x(q).
-8
Let b be (1 - (0 + 1))/1. Let u(t) = 80*t + 13. Let n(j) = 53*j + 13. Let i(r) = -3*n(r) + 2*u(r). Calculate i(b).
-13
Suppose 32 = 3*h - 3*i - 22, -51 = -2*h - 3*i. Let p(y) = 6 - h*y + 7 + 0 + 22*y. Let z = 6 + -15. What is p(z)?
4
Let t(r) = -7*r**3 + 29*r**2 + 23*r + 25. Let b(k) = k**3 - 2*k**2 - k. Let v(w) = -10*w - 131. Let j be v(-13). Let l(h) = j*t(h) - 6*b(h). Determine l(18).
-7
Let x(h) = -47 + 35 - 19 + 29 + h. Let i = 6 - 4. Determine x(i).
0
Let p(r) = -149*r - 129. Let c(i) = 205*i + 172. Let b(w) = 8*c(w) + 11*p(w). What is b(19)?
-24
Suppose 6*r - 18 = -0*r. Suppose 5*i + 3*a + 16 = 7*i, -3*i + r*a = -18. Let j(v) = 0*v + 3*v**i - 7*v**2 + v - v**3. Give j(-4).
-4
Let v(d) = -d**3 + 7*d**2 - 3. Suppose -c + 5*u - 17 = 0, 49*c + 29 = 52*c + 5*u. Calculate v(c).
33
Let b(g) be the second derivative of -g**5/20 + 7*g**4/6 - 13*g**3/3 + 55*g**2/2 + 12978*g. Determine b(12).
31
Let t(z) = z**2 + 5*z - 1. Let c = 205 + -637. Let o = c + 425. Determine t(o).
13
Let s(y) = y. Let n(g) = 7*g**2 - 4*g - 8. Let w(u) = 19*u**2 - 12*u - 24. Let v(k) = -11*n(k) + 4*w(k). Let t be v(-3). Determine s(t).
-5
Let k(n) = n**2 - 18*n + 0*n**2 + 210 - 392 + 176. Determine k(18).
-6
Suppose 4 = 4*j - 4*b, 21*b - 19*b = -5*j + 33. Let s(u) = -u**3 + 6*u**2 - u - 16. Calculate s(j).
4
Suppose -5*l - 5*f = -l - 37, 3*l + 2*f - 19 = 0. Let w(a) = l - 9*a**2 + 9*a**2 + a**3 - 3*a**2 - 4*a**2. Give w(6).
-33
Suppose 10*k - 6 = 7*k. Let o(w) = -2*w**2 + 6*w**2 + 216*w**3 - 4 - w**2 - 217*w**3 + 4*w**k - 2*w. What is o(7)?
-18
Let v(z) be the second derivative of 1/3*z**3 + 0 + 16*z + 1/2*z**2. Let h = -17 + 18. Calculate v(h).
3
Suppose -3*s - s = -5*p - 16, 0 = 5*s - 20. Let q be p + (-9)/15 + 138/5. Let o = q + -22. Let n(w) = -w**3 + 5*w**2 - w + 4. Give n(o).
-1
Let z(h) = h - 7. Let a(p) = -p**2 - p - 36. Let s(l) = 3*l**2 + 2*l - 1. Let r be s(-1). Let x be a(r). Let c = x - -40. What is z(c)?
-3
Let j(s) = -s**3 - 6*s**2 - 6*s - 3. Suppose -y + 36 - 6 = 0. Suppose 4*b - 2*u + 40 = 0, 3*b - 2*u = -u - y. Let a be 2/4 + 45/b. Give j(a).
-11
Let c(y) = -y**2 - 75*y + 150. Let a be c(-77). Let p(v) = v**3 + 2*v**2 - 6*v + 8. Give p(a).
0
Let y be 4 + (1 + 2 - 3). Let n be 38*((-14)/49)/((-4)/7). Suppose 5 = y*s - n. Let v(f) = f - 2. Determine v(s).
4
Suppose -5*z = -3*x + 43, -3*x = -0*x - 4*z - 47. Suppose x = -t + 4*t. Let q(r) = 127*r - 2. Let v(n) = 45*n - 1. Let o(p) = -6*q(p) + 17*v(p). Give o(t).
16
Let w(i) be the second derivative of i**4/4 - 8*i**3/3 - 2*i**2 + 16*i - 12. Calculate w(6).
8
Let m(h) be the third derivative of -h**5/60 - 5*h**4/12 + h**3/2 + 106*h**2 + 10*h. Calculate m(0).
3
Let a be (-2)/23*(-13110)/1140. Let n(z) = -25*z + 14. Give n(a).
-11
Let l(c) be the second derivative of c**4/12 - 5*c**3/6 + c**2/2 - 2*c - 8. Let q be 85 + (-3 - -5)/(-2). Let u be (1 + -4)/((-63)/q). Determine l(u).
-3
Let z(s) be the first derivative of -2*s**3/3 - 3*s**2/2 + 4*s + 1. Suppose -410*d = -135*d + 1100. What is z(d)?
-16
Suppose 8*y + 2*v = 11*y - 28, -4*y - 3*v = 8. Let g(k) = k**3 - 6*k**2 - 2*k + 21. Determine g(y).
-19
Suppose 0 = -3*c - 21 - 66. Let q be 16*(-2 + 4) + (-12)/(-4). Let h = q + c. Let s(x) = -x. Calculate s(h).
-6
Let a(v) = -6*v + 1 + 8*v + 42896*v**3 + 21*v - 5*v**2 - 3 - 42897*v**3. What is a(-8)?
6
Let q(u) = u + 13. Let s = 36327 - 36340. What is q(s)?
0
Suppose 40*z = 60*z - 220. Let t(a) = 0*a**2 - 8*a - 2*a**2 + z + 3*a**2 + 20*a. What is t(-10)?
-9
Let a(k) = -k**3 + 3*k**2 + 3*k - 9. Let i = -1858 + 1862. Give a(i).
-13
Let x = -61 + 65. Suppose 3*u - 8 = 4*k, -x*u + 3*k = -k - 16. Let z(b) = 5*b - u*b - b. Give z(-2).
8
Let o = -898 - -900. Let q(m) = 3*m**3 - 9 - 7*m**o - 150*m + 153*m + m**2 - 4*m**3. What is q(-7)?
19
Let q(w) = 9*w - 169. Let a be q(31). Let k(l) = -39*l + 7. Let b be k(3). Let h = b + a. Let v(t) = t**2 + t - 24. Calculate v(h).
-24
Let i(x) = -2*x - 6. Let n be i(-4). Let j(p) be the first derivative of -p**3 + p**2 - p - 1697. Calculate j(n).
-9
Let r(w) = -4*w - 2*w - 16 + 2*w - 5*w + 6*w. Suppose 0 = 5*u + 25, -2*n + 3*u = 1 - 2. Give r(n).
5
Let r = -2 - 1. Let u be (-16)/(-40) + r/(-5) + 1. Suppose h + 6 = x, -3*x - u = -2*h + 3*h. Let p(g) = -21*g**3 + 2*g**2 - g. Determine p(x).
-20
Let k = -292 + 316. Suppose i = -4*u + 29, k = i + 2*u + 5. Let t(f) = f**2 + 0 + 9*f - 4 - 2*f**2. What is t(i)?
-4
Let u be 5 - -4*(-2)/4. Let d(k) = -4*k + k - 1 + 2 + k**2 + 0. Let i(j) = j**2 - 3*j + 1. Let z(l) = -4*d(l) + 5*i(l). Determine z(u).
1
Let p(n) = 22*n**3 + 1. Let z(a) = 131*a**3 + 14*a**2 + 15*a + 1. Let q(u) = -6*p(u) + z(u). Give q(15).
-5
Let q(d) be the third derivative of d**5/30 - d**4/4 + 2*d**3/3 - d**2. Let p be (17 - 20/2)*-13. Let x = -87 - p. What is q(x)?
12
Let h = -22976 + 22980. Let n(w) be the first derivative of 5 + 1/4*w**h - 5/3*w**3 - 5/2*w**2 - 4*w. Calculate n(6).
2
Let i(m) = -30*m - 206. Let x be i(-7). Let c(g) be the second derivative of -21*g + 0 + 0*g**2 + 1/6*g**x - 1/6*g**3. Give c(-2).
10
Let s(l) = -l**3 - 3*l**2 + 17*l - 12. Suppose 6*h = -549 + 513. Let o be s(h). Let c(i) = i**2 + 9*i + 3. Determine c(o).
-15
Let t(p) be the second derivative of -p**4/12 + p**3/3 - 9*p**2/2 - 3*p + 22. Determine t(2).
-9
Let p(q) = 46*q**2 - 4 + 0*q**2 + 7*q - 5*q**2 - 43*q**2. Give p(5).
-19
Let m(a) = -989 - a**2 - 11*a + 948 + 0*a**2 + 13*a + 9*a. Calculate m(7).
-13
Let q be 4/(-18)*(54 - 36)*(-9)/6. Let x(d) = -2*d**2 + 13*d + 8. Give x(q).
14
Let i(t) be the first derivative of t**5/20 + t**4/4 - t**3/2 - 3*t**2/2 + 150*t - 35. Let z(y) be the first derivative of i(y). Calculate z(-3).
6
Let m(f) = -3*f + 21. Suppose -y = 5*b + 9, -y + 254*b + 21 = 249*b. What is m(y)?
3
Suppose 28 = 4*t - 4*y, -66*y = 4*t - 68*y - 24. Let m(q) be the first derivative of q**3/3 - 5*q**2/2 + 3*q + 3. Determine m(t).
3
Let p(n) = 2416*n + 27 - 10 - 2377*n + 3*n**2. Let t(y) = -2*y**2 - 27*y - 11. Let x(u) = 5*p(u) + 7*t(u). Give x(-5).
3
Let h(f) = 3*f - 2*f**2 + 4*f**3 - f**2 + 0*f - 1. Let n(a) = a**2 + 24*a - 42. Let p be n(-32). Let s = -212 + p. Give h(s).
25
Let c(j) be the second derivative of -2*j**3/3 + j**2/2 - 2*j. Suppose 0 = -8*y + 97 - 48 - 41. Let g(d) = -d. Let q(a) = y*c(a) - 3*g(a). Give q(-4).
5
Let w(o) be the first derivative of -5*o**4/12 + o**3/6 + o**2 + 73*o + 42. Let d(h) be the first derivative of w(h). Calculate d(-1).
-4
Let o(y) = -21 - 7 + 8 + 3*y - 5*y. What is o(-4)?
-12
Let h = -127 - -138. Let v(s) = -15*s + 14 + 16*s - 4*s**2 - s**3 + 18*s - 12*s**2 + h. Determine v(-17).
-9
Let j(i) = 27*i**2 - 75*i - 48. Let l(y) = 91*y**2 - 254*y - 161. Let m(g) = -27*j(g) + 8*l(g). Let k = -8 - -1. Calculate m(k).
8
Suppose -k - 34 = 3*j + 12, -5*j - 74 = 3*k. Let g be 75/27 + j/(-72). Let n(z) = 4*z + 5. Let l(m) = 3*m + 3. Let t(v) = g*l(v) - 2*n(v). Determine t(-3).
-4
Let u = -65 + 71. Let c = u - 1. Suppose 0*b + 3*b = -4*k - 13, c*k - b + 40 = 0. Let v(t) = -t**2 - 6*t - 4. Give v(k).
-11
Let j be (12/(-16))/((-4)/(-32)). Let f be ((-1)/(-1))/(j/(-120)). Let u = 14 - f. Let b(p) = -p - 3. Determine b(u).
3
Let m(l) = -117*l - 1. Let t(v) = 205*v + 1. Let w(f) = 7*m